{"id":12,"date":"2019-03-05T11:00:48","date_gmt":"2019-03-05T11:00:48","guid":{"rendered":"http:\/\/franziskabomski.de\/?page_id=12"},"modified":"2024-10-06T19:42:56","modified_gmt":"2024-10-06T19:42:56","slug":"cv","status":"publish","type":"page","link":"https:\/\/franziskabomski.de\/?page_id=12","title":{"rendered":"Zur Person"},"content":{"rendered":"\n<figure class=\"wp-block-table is-style-stripes\"><table><tbody><tr><td>Seit Juli 2024<\/td><td><strong>Stellvertretende Direktorin<\/strong><br>Einstein Forum, Potsdam<\/td><\/tr><tr><td>Oktober 2018\u2013<br>Juni 2024<\/td><td><strong>Wissenschaftliche Referentin<\/strong><br>Einstein Forum, Potsdam<\/td><\/tr><tr><td>September 2012\u2013<br>September 2018<\/td><td><strong>Referentin f\u00fcr Forschung<\/strong><br>Klassik Stiftung Weimar<\/td><\/tr><tr><td>April 2012\u2013<br>August 2012<\/td><td><strong>Wissenschaftliche Mitarbeiterin&nbsp;<\/strong><br>Johann Wolfgang Goethe-Universit\u00e4t Frankfurt am Main&nbsp;<br>Institut f\u00fcr Deutsche Literatur und ihre Didaktik<br>Hochdeputatsstelle zur Verbesserung der Qualit\u00e4t der Lehre<\/td><\/tr><tr><td>August 2011\u2013<br>M\u00e4rz 2012<\/td><td><strong>Postdoctoral Visiting Fellow<\/strong><br>Washington University in St. Louis<br>Forschungsstipendium der Volkswagen Stiftung<\/td><\/tr><tr><td>August 2011<\/td><td><strong>Promotion<\/strong><br>Albert-Ludwigs-Universit\u00e4t Freiburg<br>Dissertationsschrift:<br><em>Die Mathematik im Denken und Dichten von Novalis. <\/em><br><em>Zum Verh\u00e4ltnis von Literatur und Wissen um 1800<\/em><br>Betreuung: Rolf G. Renner, Andrea Albrecht <br><\/td><\/tr><tr><td>Oktober 2008\u2013<br>August 2011<\/td><td><strong>Wissenschaftliche Mitarbeiterin&nbsp;<\/strong><br>Albert-Ludwigs-Universit\u00e4t Freiburg<br>Emmy Noether-Gruppe von Andrea Albrecht:<br><em>Die Mathematik im Jenseits der Kulturwissenschaften. <\/em><br><em>Zur literarischen und kulturellen Konstruktion <\/em><br><em>des Mathematischen zwischen 1880 und 1950<\/em><\/td><\/tr><tr><td>April 2007\u2013<br>M\u00e4rz 2008<\/td><td><strong>Lehrbeauftragte<\/strong><br>Albert-Ludwigs-Universit\u00e4t Freiburg&nbsp;<br>Studienprogramm <em>Academic Year in Freiburg<\/em><\/td><\/tr><tr><td>April\u2013<br>September 2006<\/td><td><strong>Lehrbeauftragte<\/strong><br>Justus-Liebig-Universit\u00e4t Gie\u00dfen<br>Institut f\u00fcr Germanistik<\/td><\/tr><tr><td>Oktober 2005\u2013<br>September 2007<\/td><td><strong>Promotionsstipendiatin<\/strong><br>Justus-Liebig-Universit\u00e4t Gie\u00dfen<br>DFG-Graduiertenkolleg <em>Klassizismus und Romantik<\/em><\/td><\/tr><tr><td>August 2004\u2013<br>Juli 2005<\/td><td><strong>Exchange Lecturer<\/strong><br>Yale University, New Haven<br>Department of Germanic Languages and Literatures<\/td><\/tr><tr><td>Oktober 1997\u2013<br>Juni 2004<\/td><td><strong>Studium<\/strong><br>Albert-Ludwigs-Universit\u00e4t Freiburg<br>Magistra Artium (12. Dezember 2002)<br>F\u00e4cher: Neuere Deutsche Literaturgeschichte und Mathematik<br><\/td><\/tr><\/tbody><\/table><\/figure>\n\n\n\n<p><br><\/p>\n","protected":false},"excerpt":{"rendered":"<p>Seit Juli 2024 Stellvertretende DirektorinEinstein Forum, Potsdam Oktober 2018\u2013Juni 2024 Wissenschaftliche ReferentinEinstein Forum, Potsdam September 2012\u2013September 2018 Referentin f\u00fcr ForschungKlassik Stiftung Weimar April 2012\u2013August 2012 Wissenschaftliche Mitarbeiterin&nbsp;Johann Wolfgang Goethe-Universit\u00e4t Frankfurt am Main&nbsp;Institut f\u00fcr Deutsche Literatur und ihre DidaktikHochdeputatsstelle zur Verbesserung der Qualit\u00e4t der Lehre August 2011\u2013M\u00e4rz 2012 Postdoctoral Visiting FellowWashington University in St. LouisForschungsstipendium der&#8230;<\/p>\n","protected":false},"author":1,"featured_media":0,"parent":0,"menu_order":1,"comment_status":"closed","ping_status":"closed","template":"","meta":{"footnotes":""},"class_list":["post-12","page","type-page","status-publish","hentry"],"_links":{"self":[{"href":"https:\/\/franziskabomski.de\/index.php?rest_route=\/wp\/v2\/pages\/12","targetHints":{"allow":["GET"]}}],"collection":[{"href":"https:\/\/franziskabomski.de\/index.php?rest_route=\/wp\/v2\/pages"}],"about":[{"href":"https:\/\/franziskabomski.de\/index.php?rest_route=\/wp\/v2\/types\/page"}],"author":[{"embeddable":true,"href":"https:\/\/franziskabomski.de\/index.php?rest_route=\/wp\/v2\/users\/1"}],"replies":[{"embeddable":true,"href":"https:\/\/franziskabomski.de\/index.php?rest_route=%2Fwp%2Fv2%2Fcomments&post=12"}],"version-history":[{"count":13,"href":"https:\/\/franziskabomski.de\/index.php?rest_route=\/wp\/v2\/pages\/12\/revisions"}],"predecessor-version":[{"id":462,"href":"https:\/\/franziskabomski.de\/index.php?rest_route=\/wp\/v2\/pages\/12\/revisions\/462"}],"wp:attachment":[{"href":"https:\/\/franziskabomski.de\/index.php?rest_route=%2Fwp%2Fv2%2Fmedia&parent=12"}],"curies":[{"name":"wp","href":"https:\/\/api.w.org\/{rel}","templated":true}]}}

<figure class="wp-block-table is-style-stripes"><table><tbody><tr><td>Seit Juli 2024</td><td><strong>Stellvertretende Direktorin</strong><br>Einstein Forum, Potsdam</td></tr><tr><td>Oktober 2018–<br>Juni 2024</td><td><strong>Wissenschaftliche Referentin</strong><br>Einstein Forum, Potsdam</td></tr><tr><td>September 2012–<br>September 2018</td><td><strong>Referentin für Forschung</strong><br>Klassik Stiftung Weimar</td></tr><tr><td>April 2012–<br>August 2012</td><td><strong>Wissenschaftliche Mitarbeiterin&nbsp;</strong><br>Johann Wolfgang Goethe-Universität Frankfurt am Main&nbsp;<br>Institut für Deutsche Literatur und ihre Didaktik<br>Hochdeputatsstelle zur Verbesserung der Qualität der Lehre</td></tr><tr><td>August 2011–<br>März 2012</td><td><strong>Postdoctoral Visiting Fellow</strong><br>Washington University in St. Louis<br>Forschungsstipendium der Volkswagen Stiftung</td></tr><tr><td>August 2011</td><td><strong>Promotion</strong><br>Albert-Ludwigs-Universität Freiburg<br>Dissertationsschrift:<br><em>Die Mathematik im Denken und Dichten von Novalis. </em><br><em>Zum Verhältnis von Literatur und Wissen um 1800</em><br>Betreuung: Rolf G. Renner, Andrea Albrecht <br></td></tr><tr><td>Oktober 2008–<br>August 2011</td><td><strong>Wissenschaftliche Mitarbeiterin&nbsp;</strong><br>Albert-Ludwigs-Universität Freiburg<br>Emmy Noether-Gruppe von Andrea Albrecht:<br><em>Die Mathematik im Jenseits der Kulturwissenschaften. </em><br><em>Zur literarischen und kulturellen Konstruktion </em><br><em>des Mathematischen zwischen 1880 und 1950</em></td></tr><tr><td>April 2007–<br>März 2008</td><td><strong>Lehrbeauftragte</strong><br>Albert-Ludwigs-Universität Freiburg&nbsp;<br>Studienprogramm <em>Academic Year in Freiburg</em></td></tr><tr><td>April–<br>September 2006</td><td><strong>Lehrbeauftragte</strong><br>Justus-Liebig-Universität Gießen<br>Institut für Germanistik</td></tr><tr><td>Oktober 2005–<br>September 2007</td><td><strong>Promotionsstipendiatin</strong><br>Justus-Liebig-Universität Gießen<br>DFG-Graduiertenkolleg <em>Klassizismus und Romantik</em></td></tr><tr><td>August 2004–<br>Juli 2005</td><td><strong>Exchange Lecturer</strong><br>Yale University, New Haven<br>Department of Germanic Languages and Literatures</td></tr><tr><td>Oktober 1997–<br>Juni 2004</td><td><strong>Studium</strong><br>Albert-Ludwigs-Universität Freiburg<br>Magistra Artium (12. Dezember 2002)<br>Fächer: Neuere Deutsche Literaturgeschichte und Mathematik<br></td></tr></tbody></table></figure>



<p><br></p>

<p>Seit Juli 2024 Stellvertretende DirektorinEinstein Forum, Potsdam Oktober 2018–Juni 2024 Wissenschaftliche ReferentinEinstein Forum, Potsdam September 2012–September 2018 Referentin für ForschungKlassik Stiftung Weimar April 2012–August 2012 Wissenschaftliche Mitarbeiterin&nbsp;Johann Wolfgang Goethe-Universität Frankfurt am Main&nbsp;Institut für Deutsche Literatur und ihre DidaktikHochdeputatsstelle zur Verbesserung der Qualität der Lehre August 2011–März 2012 Postdoctoral Visiting FellowWashington University in St. LouisForschungsstipendium der&#8230;</p>
