{"id":278,"date":"2021-11-02T13:30:11","date_gmt":"2021-11-02T13:30:11","guid":{"rendered":"https:\/\/franziskabomski.de\/?page_id=278"},"modified":"2026-02-13T20:01:33","modified_gmt":"2026-02-13T20:01:33","slug":"autorinnengespraeche","status":"publish","type":"page","link":"https:\/\/franziskabomski.de\/?page_id=278","title":{"rendered":"Autor:innengespr\u00e4che"},"content":{"rendered":"\n<p>Dietmar Dath: <em>Dirac <\/em>(2006) \u2013 Einstein Forum, Potsdam (5. Februar 2026). <a href=\"https:\/\/youtu.be\/6oq6jhuIZDI\">Video-Dokumentation<\/a><\/p>\n\n\n\n<p>Tomer Dotan-Dreyfus: <em>Birobidschan <\/em>(2023) \u2013 Einstein Forum, Potsdam (20. Mai 2025).<\/p>\n\n\n\n<p>Tomer Gardi: <em>Eine runde Sache<\/em> (2021) und seine \u00dcbersetzerin Anne Birkenhauer \u2013 Einstein Forum, Potsdam (11. Oktober 2021). <a href=\"https:\/\/einsteinforum.de\/veranstaltungen\/eine-runde-sache\/\">Video-Dokumentation<\/a><\/p>\n\n\n\n<p>Zus. mit R\u00fcdiger Zill: Mar\u00eda Cecilia Barbetta: <em>Nachtleuchten<\/em> (2018) \u2013 Heimat. Wo alles bleibt, wie es nie war. Online-Tagung am Einstein Forum (3. Dezember 2020). <a href=\"https:\/\/einsteinforum.de\/tagung\/heimat-wo-alles-bleibt-wie-es-nie-war\/\">Video-Dokumentation<\/a><\/p>\n\n\n\n<p>Zus. mit R\u00fcdiger Zill: Katja Kraus: <em>Freundschaft. Geschichten von N\u00e4he un<\/em>d <em>Distanz <\/em>(2015) \u2013  (K)ein zweites Ich. Freundschaft zwischen gesch\u00e4ftlichem Gef\u00fchl und innigen Kalk\u00fcl. Tagung am Einstein Forum, Potsdam (8. Dezember 2018). <a href=\"https:\/\/einsteinforum.de\/veranstaltungen\/freundschaft-geschichten-von-nahe-und-distanz\/\">Video-Dokumentation<\/a><\/p>\n\n\n\n<p>Zus. mit R\u00fcdiger Zill: Peggy M\u00e4dler: <em>Wohin wir gehen<\/em> (2019) \u2013 (K)ein zweites Ich. Freundschaft zwischen gesch\u00e4ftlichem Gef\u00fchl und innigen Kalk\u00fcl. Tagung am Einstein Forum, Potsdam (6. Dezember 2018).<\/p>\n\n\n\n<p><\/p>\n","protected":false},"excerpt":{"rendered":"<p>Dietmar Dath: Dirac (2006) \u2013 Einstein Forum, Potsdam (5. Februar 2026). Video-Dokumentation Tomer Dotan-Dreyfus: Birobidschan (2023) \u2013 Einstein Forum, Potsdam (20. Mai 2025). Tomer Gardi: Eine runde Sache (2021) und seine \u00dcbersetzerin Anne Birkenhauer \u2013 Einstein Forum, Potsdam (11. Oktober 2021). Video-Dokumentation Zus. mit R\u00fcdiger Zill: Mar\u00eda Cecilia Barbetta: Nachtleuchten (2018) \u2013 Heimat. Wo alles&#8230;<\/p>\n","protected":false},"author":1,"featured_media":0,"parent":0,"menu_order":0,"comment_status":"closed","ping_status":"closed","template":"","meta":{"footnotes":""},"class_list":["post-278","page","type-page","status-publish","hentry"],"_links":{"self":[{"href":"https:\/\/franziskabomski.de\/index.php?rest_route=\/wp\/v2\/pages\/278","targetHints":{"allow":["GET"]}}],"collection":[{"href":"https:\/\/franziskabomski.de\/index.php?rest_route=\/wp\/v2\/pages"}],"about":[{"href":"https:\/\/franziskabomski.de\/index.php?rest_route=\/wp\/v2\/types\/page"}],"author":[{"embeddable":true,"href":"https:\/\/franziskabomski.de\/index.php?rest_route=\/wp\/v2\/users\/1"}],"replies":[{"embeddable":true,"href":"https:\/\/franziskabomski.de\/index.php?rest_route=%2Fwp%2Fv2%2Fcomments&post=278"}],"version-history":[{"count":8,"href":"https:\/\/franziskabomski.de\/index.php?rest_route=\/wp\/v2\/pages\/278\/revisions"}],"predecessor-version":[{"id":535,"href":"https:\/\/franziskabomski.de\/index.php?rest_route=\/wp\/v2\/pages\/278\/revisions\/535"}],"wp:attachment":[{"href":"https:\/\/franziskabomski.de\/index.php?rest_route=%2Fwp%2Fv2%2Fmedia&parent=278"}],"curies":[{"name":"wp","href":"https:\/\/api.w.org\/{rel}","templated":true}]}}